{"id":475,"date":"2018-12-24T10:41:48","date_gmt":"2018-12-24T10:41:48","guid":{"rendered":"https:\/\/placonstruct.com\/?page_id=475"},"modified":"2019-05-14T10:48:42","modified_gmt":"2019-05-14T10:48:42","slug":"loft-en-sant-gervasi","status":"publish","type":"page","link":"http:\/\/placonstruct.com\/?page_id=475","title":{"rendered":"Loft en Sant Gervasi"},"content":{"rendered":"<p>[et_pb_section fb_built=\u00bb1&#8243; specialty=\u00bbon\u00bb _builder_version=\u00bb3.17.6&#8243;][et_pb_column type=\u00bb1_2&#8243; _builder_version=\u00bb3.0.47&#8243; parallax__hover=\u00bboff\u00bb parallax_method__hover=\u00bbon\u00bb parallax=\u00bboff\u00bb parallax_method=\u00bbon\u00bb][et_pb_gallery gallery_ids=\u00bb1379,1378,1377,1376,1375,1370,1369,1368,1365,1364,1363,1362,1360,1356,1355,1354,1353,1352,1351,1350,1349,1380,1381,1371,1367,1366,1359,1361,1358,1357,1348,1347,1346,1345,1344,1343,1342,1341,1340,1339,1338,1337,1336,1374,1373,1372,1334,1332,1330,1329,1326,1327,1325,1324,1323,1328,1319,1320,1321&#8243; fullwidth=\u00bbon\u00bb _builder_version=\u00bb3.18.9&#8243; pagination_font=\u00bb||||||||\u00bb pagination_text_color=\u00bbrgba(0,0,0,0)\u00bb custom_margin=\u00bb-13px||\u00bb background_layout=\u00bbdark\u00bb title_font=\u00bb||||||||\u00bb title_font_size=\u00bb1px\u00bb caption_text_align=\u00bbleft\u00bb]<br \/>\n[\/et_pb_gallery][\/et_pb_column][et_pb_column type=\u00bb1_2&#8243; specialty_columns=\u00bb2&#8243; _builder_version=\u00bb3.0.47&#8243; parallax__hover=\u00bboff\u00bb parallax_method__hover=\u00bbon\u00bb parallax=\u00bboff\u00bb parallax_method=\u00bbon\u00bb][et_pb_row_inner custom_padding=\u00bb29.6875px|101px|29px|0px|false|false\u00bb _builder_version=\u00bb3.17.6&#8243; custom_margin=\u00bb-20px|||\u00bb][et_pb_column_inner type=\u00bb4_4&#8243; saved_specialty_column_type=\u00bb1_2&#8243; _builder_version=\u00bb3.0.47&#8243; parallax__hover=\u00bboff\u00bb parallax_method__hover=\u00bbon\u00bb parallax=\u00bboff\u00bb parallax_method=\u00bbon\u00bb][et_pb_text _builder_version=\u00bb3.18.9&#8243; text_font=\u00bb||||||||\u00bb text_font_size_phone=\u00bb12px\u00bb text_font_size_last_edited=\u00bbon|desktop\u00bb text_line_height_phone=\u00bb2em\u00bb text_line_height_last_edited=\u00bbon|phone\u00bb header_font=\u00bb||||||||\u00bb inline_fonts=\u00bbUbuntu Mono\u00bb custom_margin_last_edited=\u00bbon|desktop\u00bb custom_padding_last_edited=\u00bbon|desktop\u00bb custom_margin_phone=\u00bb|-77px||\u00bb]<\/p>\n<h1 style=\"text-align: justify;\"><span style=\"color: #ab0033; font-family: 'Ubuntu Mono'; font-weight: normal; font-size: medium;\">Loft en Sant Gervasi<\/span><\/h1>\n<p><span style=\"font-size: medium;\"><\/span><\/p>\n<p style=\"text-align: justify;\"><span><strong>Cliente<\/strong>: particular<\/span><\/p>\n<p style=\"text-align: justify;\"><span><strong>Superficie<\/strong>: 350 m2<\/span><\/p>\n<p style=\"text-align: justify;\"><span><strong>Situaci\u00f3n<\/strong>: Barcelona<\/span><\/p>\n<p style=\"text-align: left;\">Ejecuci\u00f3n de reforma integral e interiorismo<\/p>\n<div dir=\"ltr\">\n<div style=\"text-align: left;\"><strong>Arquitectura:<\/strong> <a href=\"http:\/\/www.rosfalguera.com\" target=\"_blank\" rel=\"noopener noreferrer\">Ros Falguera<\/a><\/div>\n<\/div>\n<p style=\"text-align: justify;\"><span><\/span><\/p>\n<p style=\"text-align: justify;\"><span><\/span><\/p>\n<p style=\"text-align: justify;\"><span>La principal dificultad de esta gran rehabilitaci\u00f3n fue el estado en el que se encontraba el local. Nunca antes hab\u00eda sido vivienda, as\u00ed que partimos de cero para convertirlo en un hogar. Al tratarse de un inmueble protegido (Edificio Alhambra de Barcelona), conservamos todas las ventanas y cristaleras. Mantuvimos la pared de obra vista y optamos por un suelo porcel\u00e1nico con calefacci\u00f3n incluida. Aprovechamos la vasta altura de 4m para crear un estudio alzado.<\/span><\/p>\n<p class=\"p1\" style=\"text-align: justify;\">\n[\/et_pb_text][\/et_pb_column_inner][\/et_pb_row_inner][\/et_pb_column][\/et_pb_section]<\/p>\n","protected":false},"excerpt":{"rendered":"<p>[et_pb_section fb_built=\u00bb1&#8243; specialty=\u00bbon\u00bb _builder_version=\u00bb3.17.6&#8243;][et_pb_column type=\u00bb1_2&#8243; _builder_version=\u00bb3.0.47&#8243; parallax__hover=\u00bboff\u00bb parallax_method__hover=\u00bbon\u00bb parallax=\u00bboff\u00bb parallax_method=\u00bbon\u00bb][et_pb_gallery gallery_ids=\u00bb1379,1378,1377,1376,1375,1370,1369,1368,1365,1364,1363,1362,1360,1356,1355,1354,1353,1352,1351,1350,1349,1380,1381,1371,1367,1366,1359,1361,1358,1357,1348,1347,1346,1345,1344,1343,1342,1341,1340,1339,1338,1337,1336,1374,1373,1372,1334,1332,1330,1329,1326,1327,1325,1324,1323,1328,1319,1320,1321&#8243; fullwidth=\u00bbon\u00bb _builder_version=\u00bb3.18.9&#8243; pagination_font=\u00bb||||||||\u00bb pagination_text_color=\u00bbrgba(0,0,0,0)\u00bb custom_margin=\u00bb-13px||\u00bb background_layout=\u00bbdark\u00bb title_font=\u00bb||||||||\u00bb title_font_size=\u00bb1px\u00bb caption_text_align=\u00bbleft\u00bb] [\/et_pb_gallery][\/et_pb_column][et_pb_column type=\u00bb1_2&#8243; specialty_columns=\u00bb2&#8243; _builder_version=\u00bb3.0.47&#8243; parallax__hover=\u00bboff\u00bb parallax_method__hover=\u00bbon\u00bb parallax=\u00bboff\u00bb parallax_method=\u00bbon\u00bb][et_pb_row_inner custom_padding=\u00bb29.6875px|101px|29px|0px|false|false\u00bb _builder_version=\u00bb3.17.6&#8243; custom_margin=\u00bb-20px|||\u00bb][et_pb_column_inner type=\u00bb4_4&#8243; saved_specialty_column_type=\u00bb1_2&#8243; _builder_version=\u00bb3.0.47&#8243; parallax__hover=\u00bboff\u00bb parallax_method__hover=\u00bbon\u00bb parallax=\u00bboff\u00bb parallax_method=\u00bbon\u00bb][et_pb_text _builder_version=\u00bb3.18.9&#8243; text_font=\u00bb||||||||\u00bb text_font_size_phone=\u00bb12px\u00bb text_font_size_last_edited=\u00bbon|desktop\u00bb text_line_height_phone=\u00bb2em\u00bb text_line_height_last_edited=\u00bbon|phone\u00bb header_font=\u00bb||||||||\u00bb inline_fonts=\u00bbUbuntu Mono\u00bb custom_margin_last_edited=\u00bbon|desktop\u00bb custom_padding_last_edited=\u00bbon|desktop\u00bb custom_margin_phone=\u00bb|-77px||\u00bb] Loft en Sant Gervasi Cliente: [&hellip;]<\/p>\n","protected":false},"author":1,"featured_media":0,"parent":0,"menu_order":0,"comment_status":"closed","ping_status":"closed","template":"","meta":{"_et_pb_use_builder":"on","_et_pb_old_content":"","_et_gb_content_width":"","footnotes":""},"class_list":["post-475","page","type-page","status-publish","hentry"],"_links":{"self":[{"href":"http:\/\/placonstruct.com\/index.php?rest_route=\/wp\/v2\/pages\/475","targetHints":{"allow":["GET"]}}],"collection":[{"href":"http:\/\/placonstruct.com\/index.php?rest_route=\/wp\/v2\/pages"}],"about":[{"href":"http:\/\/placonstruct.com\/index.php?rest_route=\/wp\/v2\/types\/page"}],"author":[{"embeddable":true,"href":"http:\/\/placonstruct.com\/index.php?rest_route=\/wp\/v2\/users\/1"}],"replies":[{"embeddable":true,"href":"http:\/\/placonstruct.com\/index.php?rest_route=%2Fwp%2Fv2%2Fcomments&post=475"}],"version-history":[{"count":15,"href":"http:\/\/placonstruct.com\/index.php?rest_route=\/wp\/v2\/pages\/475\/revisions"}],"predecessor-version":[{"id":1728,"href":"http:\/\/placonstruct.com\/index.php?rest_route=\/wp\/v2\/pages\/475\/revisions\/1728"}],"wp:attachment":[{"href":"http:\/\/placonstruct.com\/index.php?rest_route=%2Fwp%2Fv2%2Fmedia&parent=475"}],"curies":[{"name":"wp","href":"https:\/\/api.w.org\/{rel}","templated":true}]}}